{"id":75,"date":"2023-06-29T06:56:54","date_gmt":"2023-06-29T06:56:54","guid":{"rendered":"https:\/\/xn--verkalixridklubb-lwb.se\/?page_id=75"},"modified":"2024-06-08T18:07:05","modified_gmt":"2024-06-08T18:07:05","slug":"polcirkelritten","status":"publish","type":"page","link":"https:\/\/xn--verkalixridklubb-lwb.se\/?page_id=75","title":{"rendered":"Polcirkelritten"},"content":{"rendered":"<div class=\"col-md-8\">\n<article class=\"boxHolder\">\n<div class=\"boxBorder\">\n<h1>Polcirkelritten 2024<\/h1>\n<\/div>\n<div class=\"boxContent\">\n<img decoding=\"async\" src=\"https:\/\/xn--verkalixridklubb-lwb.se\/wp\/wp-content\/uploads\/2023\/06\/356553813_157476577339621_6435127415389988618_n.jpg\" class=\"img-responsive\"><\/div>\n<\/article>\n<\/div>\n<div class=\"col-md-4\">\n<article class=\"boxHolder\">\n<div class=\"boxBorder\">\n<h1>T\u00e4vlingsinformation<\/h1>\n<\/div>\n<div class=\"boxContent\">\n<h6>Polcirkelritten<\/h6>\n<h5>N\u00e4r: 3 augusti 2024<br \/>\nPlats: K\u00e4lvudden, \u00d6verkalix<br \/>\n3 klasser:<br \/>\nClear round 40 km<br \/>\nProva p\u00e5 17 km<br \/>\nProva p\u00e5 24 km<\/h5>\n<h5>Kontaktperson:<br \/>\nHelena Forsman 0703840122<br \/>\nT\u00e4vlingsledare:<br \/>\nSari Ylitapio 0722279324<\/h5>\n<hr>\n<h5>Medarrang\u00f6rer: Epona Ryttarf\u00f6rening.<\/p>\n<hr>\n<p>Sponsorer: Wilhelms, Sparbanken Nord, EbbaBota, Endurance, Anna Semren, H\u00e4strehab Norr, H\u00f6\u00f6ks, Ponnytravprylar, H\u00e4stkliniken i norr, Vippabackens servering, Natalies bageri, Follow The Sun photography<\/h5>\n<\/div>\n<\/article>\n<\/div>\n","protected":false},"excerpt":{"rendered":"<p>Polcirkelritten 2024 T\u00e4vlingsinformation Polcirkelritten N\u00e4r: 3 augusti 2024 Plats: K\u00e4lvudden, \u00d6verkalix 3 klasser: Clear round 40 km Prova p\u00e5 17 km Prova p\u00e5 24 km Kontaktperson: Helena Forsman 0703840122 T\u00e4vlingsledare: Sari Ylitapio 0722279324 Medarrang\u00f6rer: Epona Ryttarf\u00f6rening. Sponsorer: Wilhelms, Sparbanken Nord, EbbaBota, Endurance, Anna Semren, H\u00e4strehab Norr, H\u00f6\u00f6ks, Ponnytravprylar, H\u00e4stkliniken i norr, Vippabackens servering, Natalies bageri,&hellip; <a class=\"more-link\" href=\"https:\/\/xn--verkalixridklubb-lwb.se\/?page_id=75\">Forts\u00e4tt l\u00e4sa <span class=\"screen-reader-text\">Polcirkelritten<\/span><\/a><\/p>\n","protected":false},"author":1,"featured_media":0,"parent":0,"menu_order":0,"comment_status":"closed","ping_status":"closed","template":"","meta":{"_seopress_robots_primary_cat":"","footnotes":""},"_links":{"self":[{"href":"https:\/\/xn--verkalixridklubb-lwb.se\/index.php?rest_route=\/wp\/v2\/pages\/75"}],"collection":[{"href":"https:\/\/xn--verkalixridklubb-lwb.se\/index.php?rest_route=\/wp\/v2\/pages"}],"about":[{"href":"https:\/\/xn--verkalixridklubb-lwb.se\/index.php?rest_route=\/wp\/v2\/types\/page"}],"author":[{"embeddable":true,"href":"https:\/\/xn--verkalixridklubb-lwb.se\/index.php?rest_route=\/wp\/v2\/users\/1"}],"replies":[{"embeddable":true,"href":"https:\/\/xn--verkalixridklubb-lwb.se\/index.php?rest_route=%2Fwp%2Fv2%2Fcomments&post=75"}],"version-history":[{"count":19,"href":"https:\/\/xn--verkalixridklubb-lwb.se\/index.php?rest_route=\/wp\/v2\/pages\/75\/revisions"}],"predecessor-version":[{"id":199,"href":"https:\/\/xn--verkalixridklubb-lwb.se\/index.php?rest_route=\/wp\/v2\/pages\/75\/revisions\/199"}],"wp:attachment":[{"href":"https:\/\/xn--verkalixridklubb-lwb.se\/index.php?rest_route=%2Fwp%2Fv2%2Fmedia&parent=75"}],"curies":[{"name":"wp","href":"https:\/\/api.w.org\/{rel}","templated":true}]}}